i.
31
Suppose 0 = -0*q - 2*q - 3*v + 41, -4*q = 3*v - 73. Calculate the greatest common divisor of 2 and q.
2
Suppose -18 = v - 4. Suppose 2*t - 42 = -0*t + 3*p, 58 = 2*t + 5*p. Let m be (-4)/v + t/14. What is the highest common divisor of m and 2?
2
Suppose g + 4*c = 3*c + 29, 5*c + 98 = 4*g. Calculate the greatest common divisor of 108 and g.
27
Let c be (1 + -59)/((-2)/3). Suppose 4*k - 153 = c. Let x(d) = -d**3 - 3*d**2 + 5*d - 1. Let p be x(-5). What is the greatest common factor of k and p?
12
Let m be 3/(((-9)/30)/(-1)). Suppose 0 = z + 5*z - 480. Calculate the greatest common factor of m and z.
10
Let s be (-1)/(-6) + 2386/12. Let m = -15 + s. What is the highest common divisor of m and 23?
23
Let x = 30 - 15. Let n = x + -14. What is the greatest common divisor of n and 1?
1
Let o = 15 + 0. Let w be 1 + 0/(1 + 1). Suppose 33 = 3*y + 3*d, -3*d + 4 - w = y. What is the highest common factor of o and y?
15
Suppose 6*r - 726 = 3*r. What is the highest common factor of 22 and r?
22
Suppose -4*k + 150 = -138. Let f = -17 - -29. Calculate the highest common divisor of f and k.
12
Let i(r) = -r**3 + 17*r**2 + 3*r + 4. Let u be i(17). What is the highest common factor of 55 and u?
55
Let c = 11 - 5. Let i(z) = -z - 1. Let a be i(-6). Suppose -d + 4*r + 12 = 0, -4*r + 0*r + 60 = a*d. Calculate the greatest common divisor of c and d.
6
Let c(f) = f**3 - 6*f**2 + 5*f - 5. Let b be c(5). Let t be 12/b*255/(-6). Let p = -47 + t. What is the greatest common factor of 11 and p?
11
Suppose 4*k = 4*b + 20 - 4, b + 6 = 2*k. Suppose -268 = -5*q - 2*g + g, -5*q = -5*g - 280. Suppose k*y - q = -y. Calculate the highest common factor of y and 3.
3
Suppose -5*f + 0*f = -10. Suppose f*p - 74 + 19 = -x, -5*p + 205 = 4*x. Calculate the highest common factor of x and 5.
5
Let v = 47 + -27. Suppose 0 = g - 5, 2*g = -2*m + 5*g + 115. Suppose 2*k + 5*x - m = 0, -3*k - 2*x + 70 = -0*k. Calculate the greatest common factor of v and k.
20
Let k be ((-48)/(-40))/(1/30). What is the highest common divisor of k and 9?
9
Suppose 43 = n + 15. Calculate the highest common divisor of n and 28.
28
Suppose 0 = -5*r + 2*c + 13 + 10, -r - 5*c = -10. Suppose 2*q - 32 = -v, -5*v + 6*q - 3*q = -147. What is the highest common factor of v and r?
5
Let y be (-12)/(-5)*(-10)/(-4). Calculate the highest common factor of 30 and y.
6
Let u(p) = 240*p + 3. Let v be u(1). Calculate the greatest common factor of v and 27.
27
Let h(f) = 7*f**2 - 5*f - 3. Suppose -11*y - 15 = -6*y. Let j be h(y). What is the greatest common divisor of 15 and j?
15
Let s(k) be the third derivative of k**5/12 - k**4/3 - 4*k**3/3 - 2*k**2. Let j be s(-6). What is the greatest common factor of 22 and j?
22
Let w be (8 - 0) + 2*1 + 0. Suppose 8*i = 4*i - 8, i - 18 = -2*g. What is the greatest common divisor of g and w?
10
Let i = 12 - 10. Suppose 2*x - 25 = -2*y + 61, -i*y - 114 = -3*x. Calculate the highest common divisor of 5 and x.
5
Let n = -2 - -2. Suppose -4 = -5*k - 2*c, n = -k + 3*c - 6. Suppose 5 = f - k. Calculate the greatest common factor of 45 and f.
5
Let x be (-1 - 2) + (27 - 0 - -2). Calculate the highest common divisor of 39 and x.
13
Suppose 4*a + 5*y = 209, -5*a = 2*y - y - 277. Let d be 152/a - 2/(-7). What is the highest common divisor of d and 27?
3
Let t(j) = j + 23. Let k be t(-14). What is the highest common divisor of 1 and k?
1
Suppose 5*o = -5*n + 400, -184 = -2*o + 4*n - 12. Let u = o - 30. Calculate the highest common factor of 13 and u.
13
Suppose -3*b = 5*p - 34, -2*p - b + 23 = 2*p. Suppose -p*w = -3*s - 110, 2*w - 2*s + s - 44 = 0. What is the highest common divisor of 22 and w?
22
Let t be 0 + 2 - 2 - -6. What is the highest common factor of t and 138?
6
Let l be ((-14)/1)/((-2)/10). What is the greatest common divisor of l and 28?
14
Suppose 2*n = -2*a + 1 - 3, 8 = -4*n. Suppose 4*z = 3*z - a. Let p(r) = -100*r**3 - r**2. Let w be p(z). What is the greatest common factor of w and 9?
9
Let f(w) = 2*w + 2. Let v(n) = -n**3 + 8*n**2 + 10*n - 5. Let c be v(9). Let u be f(c). Calculate the greatest common factor of u and 110.
10
Let o be (2/4)/((-9)/(-1530)). What is the highest common divisor of 17 and o?
17
Let m = 94 - -2. Suppose -5*j + 2*j = -36. Calculate the highest common divisor of m and j.
12
Let a = -97 + 139. Calculate the greatest common divisor of 56 and a.
14
Let m = 62 + 1186. Let f be m/42 + 4/14. What is the greatest common factor of f and 6?
6
Let f(c) = c**3 - 4*c**2 - 4*c. Suppose -24 = -2*b - 8*y + 5*y, 3*y - 18 = -b. Let k be f(b). What is the greatest common divisor of 6 and k?
6
Suppose -175 = -o - 4*o. What is the highest common divisor of o and 7?
7
Let r(b) = b**2 - 16 + 3*b + 20 - 10*b. Let m be r(7). What is the highest common divisor of m and 20?
4
Let f be 5/(-30) - 53/6. Let z = f + 24. Calculate the highest common divisor of 6 and z.
3
Let d be 4/(-16) - (-13)/4. Let p(b) = b**2 - b + 1. Let i be p(d). Let l = i - 2. What is the highest common factor of 45 and l?
5
Let l(g) = 4*g - 1. Let x be l(1). Suppose -h - x*h = -20. Suppose h*p - 3*n - 544 = 0, -3*p = p + 2*n - 444. What is the greatest common factor of p and 10?
10
Let t be ((-6)/4)/((-6)/88). Let i(n) = n**2 + 9*n + 20. Let g be i(-6). What is the highest common divisor of g and t?
2
Let b = -1 + -3. Let d(a) = -a**2 - 3*a + 7. Let v be d(b). What is the greatest common divisor of v and 27?
3
Let j(z) = 2*z**3 - 3*z + 4. Let k be j(4). What is the highest common factor of k and 30?
30
Suppose 0 = c + 4*c - 340. Let x = c + -42. What is the highest common divisor of 26 and x?
26
Let d(z) = z**2 - 2*z - 11. Let s be d(-8). What is the highest common factor of s and 23?
23
Suppose -10*f - 6 = -12*f. What is the highest common divisor of 15 and f?
3
Let y(l) = l - 5. Let g be y(5). Suppose g = -3*d - 15 + 57. Let x = 110 - 75. Calculate the greatest common factor of d and x.
7
Let s = -12 + 13. Suppose 4 = q + 4*i + s, q - 3 = 4*i. What is the greatest common divisor of q and 3?
3
Let r be (-35)/(-3) + 2/(-3). Let a = 1080 + -728. Suppose -i = 3*i - a. What is the highest common factor of r and i?
11
Suppose 0 = -14*n + 110 + 2. What is the greatest common factor of n and 16?
8
Let k = -100 + 152. Calculate the highest common divisor of 4 and k.
4
Let h be 0/(-2) - (-35 + -1). Let s = -165 + 171. What is the highest common factor of s and h?
6
Suppose 0 = -0*c - 5*c + 20. Suppose 5*x - 51 = c. Calculate the greatest common factor of 22 and x.
11
Let t(x) = -5*x + 4. Let p be t(-4). Calculate the highest common factor of 36 and p.
12
Suppose -5*v + 0*v = -190. Suppose 0 = 4*p - v - 90. Calculate the greatest common divisor of p and 8.
8
Suppose 0 = 3*w + 23 - 83. What is the highest common divisor of w and 100?
20
Let b be 413/35 - 2/(-10). Suppose -3*n - 5*j = -2*n + 7, 2*n + 4 = -5*j. Let c(d) = 7*d**2 - d. Let k be c(n). Calculate the greatest common factor of k and b.
12
Suppose -m - 6*m = -560. Calculate the highest common divisor of 60 and m.
20
Let y(i) = -16*i**2 - 51*i + 5. Let q(n) = -3*n**2 - 10*n + 1. Let f(x) = 11*q(x) - 2*y(x). Let o be f(-7). What is the highest common factor of o and 56?
8
Let m = -117 + 53. Let r be m/(-2)*(-2)/(-4). Let f = -54 + 94. What is the highest common factor of r and f?
8
Let m = 50 + 82. Suppose -5*f + 25 + 35 = 0. What is the highest common factor of f and m?
12
Let x = -6 + 6. Suppose 3*k + k + 56 = x. Let n be (2 - (-5)/(-1))*k. What is the greatest common factor of 14 and n?
14
Let y be ((-13)/(-5))/((-7)/(-35)). Calculate the highest common divisor of 65 and y.
13
Suppose 0 = -7*o + 3*o + 8. Let g = 45 + -31. What is the highest common divisor of o and g?
2
Suppose 0 = 2*i + 2*t - 207 + 31, 5*t = -2*i + 188. What is the highest common divisor of i and 12?
12
Let f = -41 - -49. Calculate the highest common factor of 40 and f.
8
Let r(d) = d**3 - 4*d**2 + 2*d - 1. Let t be r(4). Let g be (-2)/(20/315)*-2. Calculate the greatest common factor of t and g.
7
Suppose 0 = 2*i + 26. Let z = i - -23. Calculate the greatest common divisor of z and 90.
10
Let f(d) = -d**2 - 8*d + 9. Let h be f(-8). Let z be 45 + 0/(-2) + 0. Calculate the greatest common factor of h and z.
9
Let y(u) be the second derivative of u**3/3 - 5*u**2/2 - 9*u. Let p be y(6). Cal